 -4*u. What is the ten thousands digit of w?
3
Let t = 19 - 16. Suppose 0 = -10*j + t*j + 434. Suppose 0 = -j*h + 64*h - 22. What is the units digit of h?
1
Let o(r) = -28*r - 11. Let n be o(-4). Let g = 157 - n. Suppose 10*c - 6*c = g. What is the units digit of c?
4
Let c(v) = v**3 - v**2 + 248. Let i = 428 - 428. What is the units digit of c(i)?
8
Let l(k) = 3*k + 24. Let v be l(-7). Suppose v*q + 2 + 4 = 0. What is the tens digit of q/6 - (-31)/3?
1
Let n(a) = 4*a**2 + 26*a - 153. Let k be n(17). Suppose -22*z + 3483 = -k. What is the units digit of z?
4
Let f(o) be the second derivative of 5/2*o**3 + 0 - 3*o - 3/2*o**2 - 1/20*o**5 + 1/3*o**4. What is the units digit of f(6)?
5
Suppose 5*b = 3*l - 204988, -2*l + 136637 = -99*b + 100*b. What is the tens digit of l?
2
Let j(o) = o**2 + 3*o - 23. Let u be j(-6). Let r(w) = 27*w**2 + 32*w + 162. What is the hundreds digit of r(u)?
6
Let w(j) = j**3 - 27*j**2 - 21*j - 29. Let v be w(29). Suppose i = -553 + v. What is the units digit of i?
1
Let s(p) = p**2 - p. Let a(o) = -10*o**2 + 17*o + 3. Suppose 5*j - j - 8 = 0. Let c(d) = j*a(d) + 22*s(d). What is the hundreds digit of c(-11)?
1
Let d(s) = 4*s - 35. Let x be d(10). Suppose -1089 = -x*a + 3*t - t, 0 = -2*a - 3*t + 428. What is the units digit of 0 + a - 5 - -2?
4
Let j(o) = -2*o**3 + 192*o**2 + 5578*o - 17. What is the hundreds digit of j(-33)?
8
Let i be -6*(-3)/((-24)/(-148)). Let s = i - 49. Suppose -349 = -4*b + k, s = 3*b + 4*k - 176. What is the units digit of b?
6
Suppose 0 = 21*k - 2 + 86. Suppose 13*y = 15*y. What is the units digit of y + k + -1 + 1 + 160?
6
Suppose -3*m + 4*s - 15 - 28 = 0, -4*m = 4*s + 76. Let y(w) = w**2 + 18*w + 33. Let o be y(m). Suppose -o*u + 192 = -12*u. What is the tens digit of u?
4
Suppose 36 = 26*f - 146. Let a be (69 - 1) + (-2)/(-2). Let g = a - f. What is the units digit of g?
2
Suppose 2731*u = 2722*u + 28611. What is the hundreds digit of u?
1
Let r(f) = 53*f**3 - 2*f**2 + 5*f + 13. Let i be r(-3). Let s = -692 - i. What is the hundreds digit of s?
7
Let w(l) = 385*l - 108. Let m be w(13). Suppose -133 = -10*z + m. What is the units digit of z?
3
Let l = 16983 + -11734. What is the tens digit of l?
4
Let p(v) = -389*v - 4485. What is the units digit of p(-124)?
1
Let m = 161 - 161. What is the tens digit of -6*(32/(-12) - m)?
1
Let n(s) = 5888*s - 73. What is the hundreds digit of n(3)?
5
Suppose 241*i - 209*i = 212448. What is the units digit of i?
9
Suppose 4*b - 12 = b, 0 = -5*a + 4*b - 1. Suppose a*j + 112 = -2*h, -8*j = -5*j - h + 97. What is the units digit of (-24)/6 - j*1?
0
Let u = -10564 + 15437. What is the hundreds digit of u?
8
Let c(g) = -3*g**2 + 1 - 2*g**2 - 19*g + 3*g**3 + 11 - 2*g**3. Let k be c(7). Let x = k + 30. What is the units digit of x?
7
Let j(b) = -15*b - 54. Let d be j(-10). Suppose -d*g = -88*g - 4312. What is the hundreds digit of g?
5
Let i(t) be the first derivative of 27*t**2/2 - 63*t + 46. What is the units digit of i(10)?
7
Let v(f) = 118*f**2 + 2. Let r be v(4). Suppose -4*w = -5*p + 3158, p + 2*p - 4*w = r. What is the tens digit of p?
3
Let y be (8 - 9)/(2/(-22)). Let k = 13 - y. Suppose -k*v - 3*b = -112, 6*v + 2*b = v + 280. What is the tens digit of v?
5
Let t(r) = 2*r**2 - 36*r + 8. Let x be t(17). What is the tens digit of (9/4)/(x/(-2808))?
4
Suppose 322*y = 306*y + 125200. What is the tens digit of y?
2
What is the units digit of -29 - (-29 + 3) - (2 - 18*201)?
3
Let w(u) = 8*u + 1. Suppose -j + 1 - 4 = 0, -37 = 5*h - j. Let n be w(h). Let o = n + 211. What is the units digit of o?
8
Suppose -f + 0*l = 5*l - 199, -4*f = 3*l - 762. Let g be f/(-39) - (-2)/(-13)*1. What is the units digit of -4 - 20/(-8)*(g + 9)?
6
Suppose -5*h = -3*z + 26, -5*z = -2*h + 18 - 36. Suppose -z*x + 1064 = 3*a + 2*a, 0 = 2*a - 3*x - 437. What is the tens digit of a?
1
Let l = 5062 + -2913. Suppose 0 = -5*z + l + 46. What is the hundreds digit of z?
4
Let n = 3073 - 418. What is the units digit of n?
5
What is the tens digit of 12/9*(2231 + (-100)/(-10))?
8
Suppose -95*w - 18 = -98*w. Let h(k) = k**2 + 6*k + 5. Let i be h(-5). Suppose w*d + 4*d - 710 = i. What is the units digit of d?
1
Let d = -104 - -106. What is the tens digit of (d/(-3))/(8/(-276))?
2
Suppose 50 = 5*r - 3*r. Let p = r + 125. What is the units digit of (-1)/(p/152 - 1)?
6
Let y = -13372 - -31192. Suppose -15*a + 3*a = -y. What is the thousands digit of a?
1
Suppose 48303 = 10*l - 20617. What is the hundreds digit of l?
8
Suppose m + 4*p - 22 = 0, 5*m - 4*p - 28 = 34. What is the hundreds digit of 204/(3/(21/m))?
1
What is the thousands digit of 14*(7 + -8) + 6 + 29037?
9
Suppose -800 = 3*d - 2*p, p + 0*p - 1 = 0. Let h be d/3*135/(-30). Suppose -h = -3*y + k, -y - 11 = k - 144. What is the hundreds digit of y?
1
Let c(k) = -k**3 - 10*k**2 - 12*k - 5. Let m(s) = -s**3 - 8*s**2 - 11*s - 5. Let u(b) = -4*c(b) + 3*m(b). What is the units digit of u(-10)?
5
Let s(c) be the first derivative of 190*c**3/3 - 2*c**2 + 3*c + 3. Let m(u) = u**3 - 2*u**2 + 6*u - 26. Let j be m(3). What is the units digit of s(j)?
9
Let d(k) = -217*k - 1211. Let o(c) = -144*c - 808. Let m(i) = -5*d(i) + 8*o(i). What is the tens digit of m(-15)?
9
Suppose -54024 = -12*d - 8844. Suppose 35*w = 40*w - d. What is the units digit of w?
3
Let o(q) = -q**3 - 61*q**2 + 43*q + 1314. What is the ten thousands digit of o(-64)?
1
Let t = 318 - 272. Suppose 0 = -5*n + t*n - 5904. What is the units digit of n?
4
Suppose 4707 + 9343 = 2*c + 2*w, 5*c - w - 35101 = 0. Suppose 28*h + c = 45*h. What is the units digit of h?
3
Let k = 4760 - -14805. What is the thousands digit of k?
9
Suppose -5*v - 8 = -68. Suppose 4*q = 9*q + h - 3, -4*h = -v. Suppose q*a = 5*a - 135. What is the units digit of a?
7
Suppose 44*x = -187450 + 1892142. What is the units digit of x?
3
Let o = -19 - -23. Suppose o*f = 20, -4*d + 912 = -f + 5*f. Suppose d*m - 71 = 222*m. What is the units digit of m?
1
Let h = -768 - -774. Let z(o) = -o**2 - 4*o. Let k be z(-4). Suppose -h*w + 308 + 628 = k. What is the tens digit of w?
5
Let j = -4666 + 10721. What is the hundreds digit of j?
0
Let i = 69 - 51. Suppose i*p - 120 = 16*p. What is the units digit of p + -17 - (1 - 0)?
2
Let r = 37 - 33. Let l be (-4)/r*(-4)/2. Suppose l*f - 160 = -2*f - 2*w, 3*w + 180 = 4*f. What is the tens digit of f?
4
Let w = -66 + 57. Suppose 5*l = l - 20. What is the tens digit of (-1523)/l - w/(-15)?
0
Let w be (-193)/((0 - -1)/(1 - 2)). Let t = 519 - w. What is the units digit of t?
6
Let v = -25054 + 48258. What is the ten thousands digit of v?
2
Let q be 3/(-1) + 2/2. Let w(v) = v**2 - 1. Let d(t) = -44*t**2 - t - 6. Let y(p) = -d(p) - w(p). What is the units digit of y(q)?
7
Suppose -3*t - 11*t + 20700 = -4*t. What is the units digit of t?
0
Suppose -2*c + 8*c = 54. Suppose c*g = 7*g + 352. Let n = g + -106. What is the units digit of n?
0
Suppose 14*t - 2048 = 2138. What is the units digit of t/46*2/1?
3
Let z = -3345 + 16322. What is the hundreds digit of z?
9
Let b(p) = -4*p**2 + 4*p - 6. Let j be -7 + (-2 - (-9)/3). Let t be b(j). What is the tens digit of (t + 8)/(-2 - 0)?
8
Let n(q) = q**3 - 2*q**2 + 13546. What is the ten thousands digit of n(0)?
1
Let t = -2833 + 3214. What is the tens digit of t?
8
Let c = -6063 + 11123. What is the hundreds digit of c?
0
Let k(b) = 571*b**2 - 6*b + 12. What is the tens digit of k(3)?
3
What is the ten thousands digit of (((-2948)/66)/(-67))/(0 + 2/51603)?
1
What is the hundreds digit of 1*-866*(3 - (2 - -3))?
7
Let p(h) = 4*h**2 - 65*h - 470. What is the units digit of p(34)?
4
Let h = -58 - -239. Suppose -3322 = -14*g + 3*g. Let m = g - h. What is the hundreds digit of m?
1
Let g = -43 + 39. Let f be (g/5)/(-2) - 43/(-5). What is the tens digit of (90 + -6)/(f/6)?
5
Let h be 35*(-4 - (-82)/10). Let p be 4/(1 + -25) + h/18. Let c(o) = 2*o**2 - 4*o + 6. What is the units digit of c(p)?
2
Suppose 0 = -102*q + 748391 - 87839. What is the units digit of q?
6
Let w = -9438 - -9496. What is the tens digit of w?
5
Let y(h) = -202*h - 1069. What is the ten thousands digit of y(-55)?
1
Let n(w) = 453*w + 693. What is the units digit of n(4)?
5
Let a be (-6)/(-27) + 0 - (-16)/9. Let c(q) = -q**3 - q - 10 - 12*q**a + 24*q**2 - 11 + 5*q. What is the hundreds digit